(p) = p + 10. Let f be h(-7). Suppose -f*d - 2 = -4*d. Let l(m) = -3*m + 0 - m**3 - 4*m**d + m - 1. Calculate l(-3).
-4
Let w(k) = k - 6. Suppose j - 5*r + 12 = 0, -2*j - 4*r = 2*j. Let v(s) = -s**2 + 10*s - 7. Let p be v(9). Let g = p + j. Determine w(g).
-6
Suppose -i - 5*h = 9, 7 = 2*i - 5*h - 5. Let a(m) = -m + i + 3 + 2. Let t be a(5). Let b(k) = -3*k**2 + k - 1. Determine b(t).
-3
Suppose 9 = -3*a + 3*v, a + 4*v - 5 = 9*v. Let p(k) = -5*k**2 - 10*k + 3. Let t(d) = -4*d**2 - 9*d + 2. Let s(l) = 3*p(l) - 4*t(l). Calculate s(a).
-4
Let r(b) = -b**3 - b**2 + b + 12. Let j be r(0). Let m be (-6)/(j/9 + -2). Let t = m - 7. Let z(c) = -c + 3. Calculate z(t).
1
Let k(i) = -i + 2. Let y be k(-2). Suppose -n = -6 + y. Let m(d) = 2*d**2 - 3*d. Give m(n).
2
Let l = -33 + 36. Suppose -3*n + 2 = -4*b - 3, 12 = 3*b. Let k(p) = 2 - l + 0 - n*p**3 + 2*p. Determine k(1).
-6
Let i be 1*-2 + -3 + -5. Let b = i + 7. Let a(r) = -r**2 - 1. Determine a(b).
-10
Let x be ((-3)/(-2))/(2/(-4)). Let z(k) = -k**3 + 7*k**2 - 3*k - 2. Let w(p) = -5*p**3 + 30*p**2 - 13*p - 8. Let d(r) = 2*w(r) - 9*z(r). Give d(x).
-1
Suppose 4*y = -6 - 6. Let o(z) = z**3 - 7*z**2 + 8*z - 8. Let f be o(6). Let a(w) = 3 - 4*w - f*w + 5*w + 5*w. What is a(y)?
-3
Suppose -3*f + 11 = -n, 0 = -2*f + 4*n - 3*n + 7. Let c = 2 + f. Let v(q) = q**2 - 6*q + 3. Give v(c).
3
Let o(z) = -3*z - 63 + 61 + 4*z. Give o(7).
5
Let y(m) = m**2 - m + 1. Suppose 5*p = 4*u - 6*u + 9, -4*u = -4*p - 4. Let j be y(p). Let l(s) = -s - 1 - 4*s**2 + 2 + s**2. Give l(j).
-3
Let o(h) = h + 1. Let n be o(-2). Suppose -3*t + 1 = -20. Let v(f) = t*f + 1 - 4*f - f + 7*f**2. Calculate v(n).
6
Suppose l + 1 = -1. Let h(i) = i**2. Let a(r) = -5*r**2 - r - 1. Let s(b) = 2*a(b) + 9*h(b). What is s(l)?
-2
Suppose -3*h - 3 = -6*h. Let d be h/4 + (-1)/4. Let k(b) = b**3 - b**2 + b + 6. Give k(d).
6
Let t(v) = -v. Suppose -2*w = 2*z - 2, 0 = 5*z - 0*w - w - 23. Suppose -z*r + r = -3. Let l be 5 + (-2 - r - -1). Give t(l).
-3
Suppose 0 = 3*i - 9. Suppose 0 + 1 = -3*p + 2*b, i*p = 4*b + 1. Let x(o) = -4*o - 2*o + 5*o + 6*o. Calculate x(p).
-5
Let v(g) = -2*g**2 + 4*g. Let c(f) = -f**2 + 3*f. Let k(i) = 3*c(i) - 2*v(i). Calculate k(1).
2
Let q = -14 - -9. Let i(c) = c**3 - 3*c**2 - 3*c. Let b be i(4). Let a(g) = b*g**2 + 4*g - 3*g**2 - 2*g - 5. What is a(q)?
10
Let q(p) be the first derivative of 3 - 1/2*p**2 + 0*p. Let k(f) = -5*f - 4. Let j(r) = -k(r) + 4*q(r). What is j(-3)?
1
Let m(f) = 206*f - 409*f + 8 + 202*f. What is m(11)?
-3
Let r(o) = o**2 - 10*o + 11. Let s be r(9). Suppose -6*y + 8 = -2*y. Let l(q) = 2 - 4*q**2 - 4*q**y - s*q**3 + 5*q**2. Give l(-2).
6
Let y(n) = 7*n**2 - 7 + 2*n**3 - n**3 + 6*n**3 - 6*n**3. Determine y(-7).
-7
Suppose 0 = q + 4*q - 55. Let n(w) = w**2 - 11*w + q*w - 5*w**3. What is n(-1)?
6
Suppose -8 = -g - k, -5*k + 5 - 1 = -g. Suppose -5*r - 5 = 5*v, -6*v + 17 = -3*v - r. Suppose -v*y = 8, -2*y - y = -n + g. Let q(a) = a - 5. What is q(n)?
-5
Suppose -4*r - 7 = r - 4*y, -4*r - 6 = -3*y. Let h(s) = -s**2 - 4*s - 5*s**2 - 9*s**2 + 14*s**2. What is h(r)?
3
Let a be 12/(-2)*-1 + -4. Let n(g) = -2*g**3 + g**2 + g + 1. What is n(a)?
-9
Let t(b) be the third derivative of -b**6/120 - b**5/10 - b**4/24 - b**3/6 + 13*b**2. What is t(-6)?
5
Let w(m) = -m**3 - 7*m**2 + m - 3. Let k be 4 + 3*(-11)/3. Give w(k).
-10
Let g(u) = u - 4. Let k(i) = -i**3 + i. Let f be k(-1). Suppose -b = 2*c - 11 - 4, -3*b + c + 17 = f. Suppose n = 3 - b. Determine g(n).
-8
Let r(b) = b**2 + 4*b + 3. Let d(z) = -z**3 + z + 4. Let t be d(0). Suppose -t*o = o + 20. What is r(o)?
3
Let m(u) = 2*u + 9. Let q(w) = 4*w - 6 + 0 - 2 - 5*w. Let s(f) = -3*m(f) - 4*q(f). Determine s(-4).
13
Let b(y) = -2*y - 3 + y + 0 + 0*y. What is b(-2)?
-1
Let t be (-2)/(-6)*-1 - 28/6. Let f(z) = -z**3 - 3*z**2 + 6*z - 1. What is f(t)?
19
Let f(i) = i**3 + i**2 + i - 1. Let c(b) = -2*b**3 + 2. Let x(v) = c(v) + 3*f(v). Calculate x(-3).
-10
Let p = 0 - -2. Let o(s) be the second derivative of -2*s - 1/3*s**4 + s**3 + 0 - 1/20*s**5 + 3/2*s**p. Give o(-5).
-2
Let o(w) = -6*w + 4. Let z be o(-2). Suppose z = -5*j - 4. Let u(y) = y**2 + 4*y + 1. What is u(j)?
1
Suppose -3*t - 4 = -5*w, 0 = 2*t - 2*w + 4. Suppose 4*f = 5*l + 30, 3*f - 6*f = 0. Let g be (t/(-9))/((-2)/l). Let u(o) = 4*o**2 + 2*o - 1. Calculate u(g).
5
Let q(t) = -3*t. Suppose 3*r + 3 = 2*j + 1, 3*j = -2*r + 16. Suppose r = -v + 5. What is q(v)?
-9
Suppose 0*x = x + 5*l + 26, 2*l - 10 = 3*x. Let w(h) = -2*h - 8. What is w(x)?
4
Let y(q) = -q**2 - 16. Let h be (0 - (0 + -4)) + -4. Give y(h).
-16
Let l(x) = 3*x**3 - 2*x**2 - 2*x - 1. Let s(o) = -o**3 + o**2 - 1. Let h(f) = 18 - 18 + f. Let p be h(0). Let i be s(p). Give l(i).
-4
Let b = 40 + -46. Let s(a) = a**3 + 7*a**2 + 8*a + 2. What is s(b)?
-10
Suppose -3*l - 15 = -t, 8 + 12 = -4*l + 2*t. Let s(x) be the first derivative of -x**4/4 - 2*x**3 - 7*x**2/2 - 4*x + 1. Calculate s(l).
6
Let r(t) = 2*t**3 + 6*t**2 + 6*t + 4. Let d(f) = 3*f**3 + 7*f**2 + 7*f + 4. Let k(p) = -3*d(p) + 4*r(p). Determine k(3).
13
Let n(q) = 3*q + 0*q - 2*q - 1 - q**2 + q**3 - 10. Give n(0).
-11
Let a(q) = 4*q**2 - 1. Let o be a(-1). Suppose 0 = o*h + 2*l - 6*l - 30, -9 = 3*l. Suppose -5*d + 4 + h = 0. Let t(r) = 3*r. Give t(d).
6
Let c(h) = 4*h**3 - h**2 + 5*h + 1. Let i(z) = -z**2 - 7*z - 5. Let d be i(-7). Let g(x) = -3*x**3 - 5*x - 2. Let l(v) = d*g(v) - 4*c(v). Give l(5).
6
Let t(z) be the first derivative of 0*z - 1/360*z**6 - 4 + 4/3*z**3 + 0*z**2 - 1/8*z**4 + 1/60*z**5. Let m(a) be the third derivative of t(a). Determine m(2).
-3
Suppose -2 = -3*n + 7. Suppose n*r + x = -4*x + 22, -2*r - x + 3 = 0. Let u = -2 - r. Let h(t) = 6*t**3 + t**2 - t - 1. Determine h(u).
-5
Suppose -26 = -3*o - 2. Suppose 3*w = o*w - 15. Let s(y) = 9*y**2 - w*y**2 + 1 + y**2 + y. Determine s(-1).
7
Let g be (-29)/(-4) + (-4)/16. Let f = -5 + g. Suppose t = -f*t. Let r(i) = -i**2 + i + 1. Determine r(t).
1
Let d(u) be the third derivative of 0*u + u**2 + 0 + 5/6*u**3 + 1/20*u**5 - 1/12*u**4 + 1/120*u**6. Determine d(-4).
-3
Let g(d) be the third derivative of d**4/12 + 4*d**3/3 - 7*d**2 - 3. Give g(6).
20
Let g(j) = 17*j**3 - j + 2*j - 2*j. Calculate g(-1).
-16
Let n(a) = 2*a - 12. Let h(p) = p**2 + p - 4. Let r be h(-4). Determine n(r).
4
Suppose 5*m - 102 - 38 = 0. Suppose 3 - m = 5*n. Let a(s) = s**2 - s + 1. Let f(j) = -5*j**2 - j - 10. Let y(q) = -4*a(q) - f(q). Give y(n).
6
Let d(m) = m**3 - 3*m**2 - 2. Suppose 9*t + 4*q = 5*t - 4, 3*q + 9 = 0. Give d(t).
-6
Suppose 22 = -3*m - 4*h, -2*m - 14 = m - 4*h. Let x(t) = t**3 + 6*t**2 + 2*t + 4. Calculate x(m).
-8
Let o(x) be the second derivative of x**6/240 - x**5/120 + x**4/12 - 4*x. Let t(w) be the third derivative of o(w). What is t(-3)?
-10
Let n(h) = -1. Let z(w) = w + 15. Let f(q) = -4*n(q) - z(q). Determine f(-7).
-4
Let s(q) be the third derivative of -q**7/2520 - q**6/360 + q**5/12 - q**2. Let l(v) be the third derivative of s(v). Give l(-3).
4
Let v(c) = -3*c + 1. Let r be v(4). Let s = 6 + r. Let l(h) be the first derivative of -h**4/4 - 4*h**3/3 + 3*h**2 - 3*h + 3. Calculate l(s).
-8
Let d(t) = 0*t**3 - 4 + 2*t**2 - 2*t**3 - 6*t + 3*t**2 + 3*t**3. Suppose 0 = 3*y - 5*p - 9 - 10, 0 = 2*y + 5*p + 4. Let f be (2/3)/(y/(-27)). What is d(f)?
-4
Let y(d) = d - 9. Let h(a) = a - 1. Let t(z) = 0*z - z**2 - 3 - 3*z + 2. Let c be t(-2). Let o be h(c). Calculate y(o).
-9
Let f(c) be the third derivative of c**5/15 - c**4/8 - c**2. Let u(l) = -2*l - 4. Let v be u(-3). Calculate f(v).
10
Let i(b) = -5*b - 1 + b**3 + 0*b**3 + 2*b**2 - b**2 + 3*b. Let o be (-1)/2*(-3 - 1). Give i(o).
7
Suppose -3*m + m = 3*m. Let s(v) = 4*v - 3*v - 8 + 4. Give s(m).
-4
Let g = -3 + 5. Let v(y) = -1 + 6*y**2 + y - y**g + 0. Let s = -265 + 266. Give v(s).
5
Let r(i) = i - 8. Let s be r(6). Let n be 52/10 - 1/5. Let l(m) = -n*m + 4 + 4 - 11 + 5. Determine l(s).
12
Let c(x) = x - 2. Let n be ((-18)/(-4))/(1/(-2)). Let r = 3 + n. What is c(r)?
-8
Suppose -q + 24 = -5*q. Let j(h) = h**2 + 13*h - 8. Let a be j(-14). Let z = q + a. Let y(f) = -f - 6. What is y(z)?
-6
Let b be (-84)/(-8) - (-3)/2. Suppose -3*r - m = 3*m - 13, -3*r + b = 3*m. Suppose -x = -r*x. Let l(n) = n**2 - 2. Determine l(x).
-2
Suppose q = 2*k + 2*k + 1, 5*k + 11 = -2*q. Suppose -4 = -v + d, -9